 u is divided by o.
17
Let d(z) be the second derivative of -z**3/6 + 3*z**2/2 + 4*z. Let t(k) = -k**2 - 4*k + 3. Let p be t(-6). Calculate the remainder when d(p) is divided by 7.
5
What is the remainder when 89 + (-9)/((-36)/(-8)) is divided by 15?
12
Suppose -u = -4*w + 19, -w = -4 - 1. Suppose 5*d - u + 31 = 0. Let n(j) = j**3 + 6*j**2 + 5. What is the remainder when 13 is divided by n(d)?
3
Calculate the remainder when (2/(-2))/(1/(-77)) is divided by 16.
13
Let m(n) = 5*n - 28. What is the remainder when 142 is divided by m(8)?
10
Suppose -5*y - 4*i + 14 = 0, 2*i = 3*y + 4*i - 10. Suppose -b - 25 = -y*b. What is the remainder when b is divided by 4?
1
Let r(o) = -o**3 + 11*o**2 + o - 9. Suppose 0 = 5*w - 0*w - 55. Calculate the remainder when r(w) is divided by 2.
0
Suppose -6*u - 142 = -496. Let j = -29 - -49. What is the remainder when u is divided by j?
19
Calculate the remainder when 4/6 + 1000/12 is divided by 29.
26
Suppose t - 105 = -2*t. Suppose 5*u - 41 = 4. Calculate the remainder when t is divided by u.
8
Let x(a) = -a**3 + 7*a**2 + 7*a + 24. What is the remainder when x(8) is divided by 10?
6
Let k = -23 - -40. Calculate the remainder when 50 is divided by k.
16
Let q(h) be the second derivative of h**4/12 - 2*h**2 + 2*h. What is the remainder when 23 is divided by q(4)?
11
Let u(j) = -j**3 - 6*j**2 - j - 2. Let r be 1*(3 - (8 + 1)). What is the remainder when 11 is divided by u(r)?
3
Let u(v) = v - 3. Let o be u(4). Let x = 2 + o. Suppose 0 = -4*w - 0*w + 28. Calculate the remainder when w is divided by x.
1
Let c(s) = 51*s + 103. What is the remainder when 2/(-8) - 27/(-12) is divided by c(-2)?
0
Let a be -58*((-6)/4)/3. Let u = a - 13. What is the remainder when 46 is divided by u?
14
Let o(c) = -c**3 - 7*c**2 - 4*c - 8. Let j be o(-7). Suppose -4*d = j, -2*k + 5*d = -21 - 24. What is the remainder when 18 is divided by k?
8
Suppose a = 5*u + 36, -2*a + 2*u = -0*a - 48. Calculate the remainder when (2/(-6))/(13/(-2418)) is divided by a.
20
Let c(z) = -2*z + 1. Let j be c(5). Let u(m) = -4*m - 10. What is the remainder when u(j) is divided by 14?
12
Let y = -4 - -15. Let b(k) = k**2 - 8*k - 8. Let l be b(9). Let c = 20 + l. Calculate the remainder when c is divided by y.
10
Let v(t) = -t**2 + 5*t + 10. What is the remainder when v(0) is divided by 5?
0
Let q = -13 + 24. What is the remainder when 30 is divided by q?
8
Suppose 3*d + 99 = 4*o + 37, 4*d - 76 = -4*o. What is the remainder when o is divided by 6?
5
Let d(b) = 5*b + 53. Let m(w) = 2*w**2 - w - 3. Suppose 31 - 11 = -4*o. What is the remainder when m(o) is divided by d(-7)?
16
Suppose v = q + 6, 2 = q - 5*v + 28. Let f = 0 - q. Calculate the remainder when 37 is divided by (2/6)/f*39.
11
Suppose -2*h - 193 = -5*z, 0 = -0*z + 3*z - 2*h - 119. Suppose 0 = 4*u - 11*u + 140. Calculate the remainder when z is divided by u.
17
What is the remainder when (-9)/2*(-36)/3 is divided by 11?
10
Let o(m) = m**3 - 12*m**2 - 7*m + 19. Calculate the remainder when o(13) is divided by 20.
17
Let h(y) = -2*y + 3. Let u be h(-6). Let r = u + -8. Suppose -234 = 35*m - 654. Calculate the remainder when m is divided by r.
5
Let p(w) = w**2 - 6*w + 2. Let n be p(7). Suppose 5*z + 3*v = -0*v + 68, -5*v = -4*z + 47. Calculate the remainder when z is divided by ((-6)/5)/(n/(-30)).
1
Let z = -68 - -123. Calculate the remainder when z is divided by 29.
26
Let d = 0 - 0. Let y be (4*-1)/2 + d. Calculate the remainder when 24 is divided by ((-1)/y)/((-6)/(-156)).
11
Let j = 51 + -21. Suppose 0 = 2*n + 8, -5*t + t = 2*n - 56. Calculate the remainder when j is divided by t.
14
Suppose -u + 4*p = -41, -3*u + 5*p + 83 = p. Let z = u + -8. Let i = 12 + z. What is the remainder when i is divided by 14?
11
Suppose v + 2*r = 13 + 4, 5*v = -4*r + 55. Calculate the remainder when v is divided by 4.
3
Suppose 0 = -4*f + 96 + 52. Suppose 4*w = -5*l - w + 75, -2*l + 2*w + 10 = 0. What is the remainder when f is divided by l?
7
Let u be (-8)/(-6)*3*-1. Let o(v) = v - 2. Let x(d) = -5*d + 9. Let c(q) = 9*o(q) + 2*x(q). Calculate the remainder when 11 is divided by c(u).
3
Let u = -4 - -8. Suppose -4*o - 68 = -5*x, 0 = -3*x - u*o + 7 + 53. Calculate the remainder when 46 is divided by x.
14
Let c = 25 + -2. What is the remainder when 67 is divided by c?
21
Let v(b) = 2*b**2 + 2*b - 3. Let w be v(3). Suppose -4*q + 11 + w = -4*y, 5*q - 2*y = 43. What is the remainder when 34*((-20)/8 - -3) is divided by q?
8
Suppose -w - w + g = -172, -3*g + 164 = 2*w. What is the remainder when w is divided by (2 - (-102)/(-18))*-6?
19
Let o = 136 + -94. Calculate the remainder when o is divided by 15.
12
Let r be 4 + -1 + 2 - 2. Suppose r*v - 352 = -118. Suppose -2*n + 0*p = p - 55, 3*n - 3*p = v. Calculate the remainder when n is divided by 15.
12
Let j(o) be the second derivative of -o**4/12 + 17*o**3/6 - 21*o**2/2 - 4*o. What is the remainder when 39 is divided by j(14)?
18
Suppose 180 = 5*u - t - 0*t, -20 = -u - 3*t. Calculate the remainder when u is divided by (3 - 9)*-2*1.
11
Let p(z) = z. Let m be p(-6). Let x(k) = -7*k - 5. What is the remainder when x(m) is divided by 20?
17
Suppose a - 1 = -0*a. Suppose v - 6 = -a, 2*q + 2*v = 32. What is the remainder when 40 is divided by q?
7
Let u(x) = 2*x**2 - 18*x + 11. Calculate the remainder when u(9) is divided by 6.
5
Let h(r) = 3*r - 3*r + 0*r - 4 + r. Calculate the remainder when 28 is divided by h(9).
3
Let m(s) = -4*s - 6. Suppose -4*p - v + 4 = 0, 5*p + 0 = -3*v - 2. Suppose p*i - 6*i + 16 = 0. Calculate the remainder when m(-3) is divided by i.
2
Let b(i) = i**2 - i. Let u(p) = -p**2 - 7*p + 10. Let w(j) = 2*b(j) + u(j). What is the remainder when w(9) is divided by 6?
4
Suppose o - 25 = -0*o. Let q(d) = d**3 + 2*d**2 - d - 2. Let n be q(-2). Suppose 4*s = -n*s + 52. What is the remainder when o is divided by s?
12
Suppose 113*s - 40 = 108*s. What is the remainder when s is divided by 4?
0
Suppose 0 = -4*a - 0*a. What is the remainder when 2 is divided by a/(-3) - (0 - 2)?
0
Suppose -2*m - 3*m - 2*x - 2 = 0, -3*x = -m - 14. Let o(s) = -s**3 + 2*s**2 + 4*s + 3. What is the remainder when 19 is divided by o(m)?
8
Let v = 2 - -46. Let d = 85 + -72. What is the remainder when v is divided by d?
9
Let i = -34 + 18. Let z be (-12)/(-8)*124/6. Let n = i + z. Calculate the remainder when n is divided by 8.
7
Suppose -3*c + 0*v + 137 = v, -2*v + 142 = 3*c. Calculate the remainder when c is divided by 9.
8
Let h(v) = -2*v**3 - 2*v**2 - 4*v - 2. Let d(w) = 1 + w - 5 + 2*w. Calculate the remainder when h(-2) is divided by d(3).
4
Let b = -10 - -17. Suppose 2*y - 4*f + 14 = 0, 4*f = 4*y + 5*f - 17. Suppose h + 4*x - 15 = 0, 0 = y*x - 3 - 6. Calculate the remainder when b is divided by h.
1
Suppose 3*q + 2*t = -0*q + 244, 320 = 4*q + 4*t. Suppose 3*d = 2*f + 86, -4*d + q = -0*d + 5*f. Calculate the remainder when 77 is divided by d.
25
Let d = -32 - -43. What is the remainder when 19 is divided by d?
8
Let r(w) = -w**3 - 6*w**2 + 4*w + 5. Let h be r(-7). Let o = 125 + -82. Let m = o - h. Calculate the remainder when m is divided by 9.
8
Let z be 1 + (0 + -1)/(-1). Suppose 10 = z*v, 3*d - 5*v + 10 = -9. What is the remainder when 23 is divided by 30*1*d/5?
11
Let n(r) = 4*r**2 - 9*r + 6. Calculate the remainder when n(6) is divided by 14.
12
Suppose 0 = -3*z - 4*p + 4 - 3, -3*p - 2 = 5*z. Let g be (z + -2)*(-30)/(-18). Let i(c) = c**2 + 3*c + 3. What is the remainder when 38 is divided by i(g)?
12
Let r(z) = 3*z. Suppose -5*i = -3*y - 15, 0*i + 3*y + 3 = i. Let g be r(i). Let b(o) = o**3 - 8*o**2 - 7*o - 6. What is the remainder when b(g) is divided by 7?
5
Suppose -n + 13 = -3. Let i = -6 + 17. Let y = i + -5. Calculate the remainder when n is divided by y.
4
Suppose -5*v = -39 - 6. Suppose 4*u + 5*s + 17 = 0, s - 6 = 2*u - 1. What is the remainder when v + u - 0/(-1) is divided by 4?
2
Let q(o) = 3*o**2 + 2*o. Let b be q(-2). What is the remainder when 105/12 + (-6)/b is divided by 5?
3
Let s = 4 - 2. Let i be 2/(-4)*-9*2. What is the remainder when (-24)/(-7) - i/21 is divided by s?
1
Let u = -10 - -31. Let s(r) = r + 17. Let h be s(13). Let k = h + -19. Calculate the remainder when u is divided by k.
10
Let y = -2 + 5. Suppose g = 5*k + 2 + 4, -3*g + y*k + 6 = 0. Calculate